{"id":12241,"date":"2025-05-26T14:10:37","date_gmt":"2025-05-26T12:10:37","guid":{"rendered":"https:\/\/www.purpan.fr\/?page_id=12241"},"modified":"2025-05-26T14:10:37","modified_gmt":"2025-05-26T12:10:37","slug":"presentation-of-the-school-3","status":"publish","type":"page","link":"https:\/\/www.purpan.fr\/en\/presentation-of-the-school-3\/","title":{"rendered":"Presentation of the School"},"content":{"rendered":"\n<div class=\"wp-block-getwid-section\"><div class=\"wp-block-getwid-section__wrapper\"><div class=\"wp-block-getwid-section__inner-wrapper\"><div class=\"wp-block-getwid-section__background-holder\"><div class=\"wp-block-getwid-section__background\"><\/div><div class=\"wp-block-getwid-section__foreground\"><\/div><\/div><div class=\"wp-block-getwid-section__content\"><div class=\"wp-block-getwid-section__inner-content\">\n<div class=\"wp-block-columns is-layout-flex wp-container-core-columns-is-layout-9d6595d7 wp-block-columns-is-layout-flex\">\n<div class=\"wp-block-column is-layout-flow wp-block-column-is-layout-flow\">\n<p>Depuis le 1er janvier 2025, PURPAN est devenue \u00ab \u00e9tablissement composante \u00bb du nouvel \u00c9tablissement Public Exp\u00e9rimental (EPE)  \u00ab Universit\u00e9 de Toulouse \u00bb, aux c\u00f4t\u00e9s de l\u2019ex-Universit\u00e9 Toulouse III Paul Sabatier.\u00a0\u00a0<\/p>\n\n\n\n<p>Nos deux \u00e9tablissements partagent des th\u00e9matiques de formation et de recherche compl\u00e9mentaires, une attention mutuelle au d\u00e9veloppement durable ainsi que des valeurs communes d\u2019ouverture et de bienveillance.\u00a0<\/p>\n<\/div>\n\n\n\n<div class=\"wp-block-column is-layout-flow wp-block-column-is-layout-flow\"><div class=\"anchor-summary\" style=\"background-image: url('https:\/\/www.purpan.fr\/wp-content\/uploads\/2025\/05\/1031_PURPAN_G248297-scaled.jpg')\">\n    <div>\n        <strong>Summary<\/strong>\n        \n        <ul id=\"anchor-summary__list\">\n            \n        <\/ul>\n    <\/div>\n<\/div><\/div>\n<\/div>\n<\/div><\/div><\/div><\/div><\/div>\n\n<div class=\"wp-block-getwid-section has-background-color-yellow has-height-undefined\"><div class=\"wp-block-getwid-section__wrapper\"><div class=\"wp-block-getwid-section__inner-wrapper\"><div class=\"wp-block-getwid-section__background-holder\"><div class=\"wp-block-getwid-section__background has-background has-jaune-background-color\"><\/div><div class=\"wp-block-getwid-section__foreground\"><\/div><\/div><div class=\"wp-block-getwid-section__content\"><div class=\"wp-block-getwid-section__inner-content\">\n<div class=\"wp-block-columns is-layout-flex wp-container-core-columns-is-layout-9d6595d7 wp-block-columns-is-layout-flex\">\n<div class=\"wp-block-column is-layout-flow wp-block-column-is-layout-flow\">\n<figure class=\"wp-block-image size-large\"><img decoding=\"async\" width=\"1024\" height=\"329\" src=\"https:\/\/www.purpan.fr\/wp-content\/uploads\/2025\/05\/logo-UT-site-Modifie-1024x329.png\" alt=\"\" class=\"wp-image-12123\" srcset=\"https:\/\/www.purpan.fr\/wp-content\/uploads\/2025\/05\/logo-UT-site-Modifie-1024x329.png 1024w, https:\/\/www.purpan.fr\/wp-content\/uploads\/2025\/05\/logo-UT-site-Modifie-300x96.png 300w, https:\/\/www.purpan.fr\/wp-content\/uploads\/2025\/05\/logo-UT-site-Modifie-768x246.png 768w, https:\/\/www.purpan.fr\/wp-content\/uploads\/2025\/05\/logo-UT-site-Modifie-1536x493.png 1536w, https:\/\/www.purpan.fr\/wp-content\/uploads\/2025\/05\/logo-UT-site-Modifie.png 1558w\" sizes=\"(max-width: 1024px) 100vw, 1024px\" \/><\/figure>\n<\/div>\n\n\n\n<div class=\"wp-block-column is-layout-flow wp-block-column-is-layout-flow\">\n<h2 class=\"wp-block-heading\">Qu&#8217;est-ce qu&#8217;un \u00ab\u202fEPE\u202f\u00bb ?<\/h2>\n\n\n\n<p>Le statut d\u2019\u00c9tablissement public exp\u00e9rimental (EPE) est permis par l\u2019ordonnance du 12 d\u00e9cembre 2018.\u00a0<\/p>\n\n\n\n<p>Il exp\u00e9rimente de nouveaux modes d\u2019organisation et de fonctionnement, afin de r\u00e9aliser un projet partag\u00e9 d\u2019enseignement sup\u00e9rieur et de recherche d\u00e9fini par les \u00e9tablissements qu\u2019il regroupe.\u00a0<\/p>\n\n\n\n<p>La finalit\u00e9 \u00e9tant, \u00e0 l\u2019issue d\u2019une p\u00e9riode d\u2019exp\u00e9rimentation (10 ans maximum), de permettre au nouvel \u00e9tablissement, adoptant le format juridique de \u00ab\u202fgrand \u00e9tablissement\u202f\u00bb, de rayonner pleinement \u00e0 l\u2019\u00e9chelle internationale, nationale et territoriale.\u00a0<\/p>\n<\/div>\n<\/div>\n\n\n\n<p class=\"has-text-align-right has-small-font-size\">.<\/p>\n<\/div><\/div><\/div><\/div><\/div>\n\n<div class=\"wp-block-getwid-section has-background-color-green has-height-undefined\"><div class=\"wp-block-getwid-section__wrapper\"><div class=\"wp-block-getwid-section__inner-wrapper\"><div class=\"wp-block-getwid-section__background-holder\"><div class=\"wp-block-getwid-section__background has-background has-vert-bleu-background-color\"><\/div><div class=\"wp-block-getwid-section__foreground\"><\/div><\/div><div class=\"wp-block-getwid-section__content\"><div class=\"wp-block-getwid-section__inner-content\">\n<h2 class=\"wp-block-heading\">Les objectifs de l&#8217;EPE<\/h2>\n\n\n\n<div class=\"wp-block-columns is-layout-flex wp-container-core-columns-is-layout-9d6595d7 wp-block-columns-is-layout-flex\">\n<div class=\"wp-block-column is-layout-flow wp-block-column-is-layout-flow\">\n<p>&#8220;<em>Cet EPE va permettre de donner au site les conditions favorables pour constituer un grand \u00e9tablissement universitaire pluridisciplinaire de recherche et de formation de rang mondial, visible et reconnu aux niveaux national et international. Il sera caract\u00e9ris\u00e9 par une signature et une marque commune, riche de la diversit\u00e9 des entit\u00e9s qui le composent et pr\u00eat \u00e0 s\u2019engager dans un principe de respect, de confiance et de subsidiarit\u00e9.<\/em>\u00a0<\/p>\n\n\n\n<p><em>Lieu inclusif, d\u2019innovation et d\u2019exp\u00e9rimentation en formation comme en recherche, l\u2019\u00e9tablissement sera attach\u00e9 \u00e0 la r\u00e9ussite et au bien-\u00eatre de ses personnels et de ses \u00e9tudiantes et \u00e9tudiants. L\u2019EPE s\u2019engage \u00e0 favoriser une forte dynamique internationale tout en restant solidement ancr\u00e9 dans son territoire avec des interactions soutenues avec la soci\u00e9t\u00e9 et les \u00e9cosyst\u00e8mes socio-\u00e9conomiques de proximit\u00e9.<\/em>\u00a0<\/p>\n\n\n\n<p><strong><em>Excellence acad\u00e9mique<\/em><\/strong><em>,\u00a0<\/em><strong><em>responsabilit\u00e9 environnementale et sociale<\/em><\/strong><em>,\u00a0<\/em><strong><em>rayonnement<\/em><\/strong><em>,\u00a0<\/em><strong><em>ouverture<\/em><\/strong><em>\u00a0et\u00a0<\/em><strong><em>visibilit\u00e9 du service public<\/em><\/strong><em>\u00a0sont les points cardinaux de ce futur \u00e9tablissement, h\u00e9ritier de la COMUE exp\u00e9rimentale Universit\u00e9 de Toulouse<\/em>&#8221; (source : Universit\u00e9 de Toulouse)<\/p>\n\n\n\n<div class=\"wp-block-buttons is-layout-flex wp-block-buttons-is-layout-flex\">\n<div class=\"wp-block-button\"><a class=\"wp-block-button__link wp-element-button\" href=\"https:\/\/www.univ-tlse3.fr\/comprendre-l-universite\/projet-detablissement-public-experimental\" target=\"_blank\" rel=\"noreferrer noopener\">En savoir plus<\/a><\/div>\n<\/div>\n<\/div>\n\n\n\n<div class=\"wp-block-column is-layout-flow wp-block-column-is-layout-flow\">\n<figure class=\"wp-block-image size-full\"><img decoding=\"async\" width=\"800\" height=\"800\" src=\"https:\/\/www.purpan.fr\/wp-content\/uploads\/2025\/05\/2025_CielTerre_UT_2-1.jpg\" alt=\"\" class=\"wp-image-12115\" srcset=\"https:\/\/www.purpan.fr\/wp-content\/uploads\/2025\/05\/2025_CielTerre_UT_2-1.jpg 800w, https:\/\/www.purpan.fr\/wp-content\/uploads\/2025\/05\/2025_CielTerre_UT_2-1-300x300.jpg 300w, https:\/\/www.purpan.fr\/wp-content\/uploads\/2025\/05\/2025_CielTerre_UT_2-1-150x150.jpg 150w, https:\/\/www.purpan.fr\/wp-content\/uploads\/2025\/05\/2025_CielTerre_UT_2-1-768x768.jpg 768w\" sizes=\"(max-width: 800px) 100vw, 800px\" \/><\/figure>\n<\/div>\n<\/div>\n<\/div><\/div><\/div><\/div><\/div>\n\n<div class=\"wp-block-getwid-section\"><div class=\"wp-block-getwid-section__wrapper\"><div class=\"wp-block-getwid-section__inner-wrapper\"><div class=\"wp-block-getwid-section__background-holder\"><div class=\"wp-block-getwid-section__background has-background has-blanc-background-color\"><\/div><div class=\"wp-block-getwid-section__foreground\"><\/div><\/div><div class=\"wp-block-getwid-section__content\"><div class=\"wp-block-getwid-section__inner-content\">\n<div class=\"wp-block-columns is-layout-flex wp-container-core-columns-is-layout-9d6595d7 wp-block-columns-is-layout-flex\">\n<div class=\"wp-block-column is-layout-flow wp-block-column-is-layout-flow\">\n<h2 class=\"wp-block-heading\">Organisation de l&#8217;EPE<\/h2>\n\n\n<div class=\"wp-block-image\">\n<figure class=\"aligncenter size-large\"><img decoding=\"async\" width=\"1024\" height=\"576\" src=\"https:\/\/www.purpan.fr\/wp-content\/uploads\/2025\/05\/Schema-EPE-1-1024x576.png\" alt=\"\" class=\"wp-image-12117\" srcset=\"https:\/\/www.purpan.fr\/wp-content\/uploads\/2025\/05\/Schema-EPE-1-1024x576.png 1024w, https:\/\/www.purpan.fr\/wp-content\/uploads\/2025\/05\/Schema-EPE-1-300x169.png 300w, https:\/\/www.purpan.fr\/wp-content\/uploads\/2025\/05\/Schema-EPE-1-768x432.png 768w, https:\/\/www.purpan.fr\/wp-content\/uploads\/2025\/05\/Schema-EPE-1-1536x864.png 1536w, https:\/\/www.purpan.fr\/wp-content\/uploads\/2025\/05\/Schema-EPE-1-2048x1152.png 2048w\" sizes=\"(max-width: 1024px) 100vw, 1024px\" \/><\/figure>\n<\/div><\/div>\n<\/div>\n<\/div><\/div><\/div><\/div><\/div>\n\n<div class=\"wp-block-getwid-section has-background-color-yellow has-height-undefined\"><div class=\"wp-block-getwid-section__wrapper\"><div class=\"wp-block-getwid-section__inner-wrapper\"><div class=\"wp-block-getwid-section__background-holder\"><div class=\"wp-block-getwid-section__background has-background has-jaune-background-color\"><\/div><div class=\"wp-block-getwid-section__foreground\"><\/div><\/div><div class=\"wp-block-getwid-section__content\"><div class=\"wp-block-getwid-section__inner-content\">\n<h2 class=\"wp-block-heading\">Quels impacts pour PURPAN ?<\/h2>\n\n\n\n<div class=\"wp-block-columns is-layout-flex wp-container-core-columns-is-layout-9d6595d7 wp-block-columns-is-layout-flex\">\n<div class=\"wp-block-column is-layout-flow wp-block-column-is-layout-flow\">\n<p>Comme l&#8217;affirme \u00c9ric Latg\u00e9, Directeur G\u00e9n\u00e9ral de PURPAN, dans la vid\u00e9o ci-contre, &#8220;rien ne change et tout change&#8221;.\u00a0<\/p>\n\n\n\n<p>&#8220;Rien ne change&#8221;, car, au sein d&#8217;un EPE, les \u00e9tablissements composantes ne perdent pas leur personnalit\u00e9 morale et juridique. Notre \u00c9cole reste en \u00e9troite collaboration avec le minist\u00e8re de l&#8217;agriculture et de la souverainet\u00e9 alimentaire et continue \u00e0 s&#8217;autod\u00e9terminer.\u00a0<\/p>\n\n\n\n<p>&#8220;Tout change&#8221;, en effet, notre \u00c9cole vote d\u00e9sormais au sein du conseil d&#8217;administration de l&#8217;Universit\u00e9 de Toulouse pour une gouvernance de site comprenant des \u00e9tablissements associ\u00e9s comme notamment l&#8217;Universit\u00e9 Toulouse II Jean-Jaur\u00e8s, l&#8217;ENAC, ISAE-SUPAERO ou encore l&#8217;INP Toulouse.\u00a0<\/p>\n\n\n\n<p>En \u00e9tant \u00e9tablissement composante de l&#8217;Universit\u00e9 de Toulouse, notre \u00c9cole va gagner en visibilit\u00e9, notamment concernant les domaines li\u00e9s \u00e0 la Recherche, ainsi que sur le plan international (avec, comme objectif, de nouveaux partenariats avec des universit\u00e9s renomm\u00e9es \u00e0 travers le monde).\u00a0\u00a0<\/p>\n\n\n\n<p>\u00c0 noter que ce nouveau r\u00f4le d&#8217;\u00e9tablissement composante ne change rien au fonctionnement &#8220;interne&#8221; de PURPAN, et\u00a0<strong>n&#8217;a pas d&#8217;impact sur les dipl\u00f4mes d\u00e9livr\u00e9s \u00e0 la fin de nos formations.\u00a0<\/strong><\/p>\n<\/div>\n\n\n\n<div class=\"wp-block-column is-layout-flow wp-block-column-is-layout-flow\">\n<figure class=\"wp-block-embed is-type-video is-provider-youtube wp-block-embed-youtube wp-embed-aspect-16-9 wp-has-aspect-ratio\"><div class=\"wp-block-embed__wrapper\">\n<iframe loading=\"lazy\" title=\"PURPAN rejoint la nouvelle Universit\u00e9 de Toulouse ? D\u00e9cryptage !\" width=\"1280\" height=\"720\" src=\"https:\/\/www.youtube.com\/embed\/KckOuwSgVTw?feature=oembed\" frameborder=\"0\" allow=\"accelerometer; autoplay; clipboard-write; encrypted-media; gyroscope; picture-in-picture; web-share\" referrerpolicy=\"strict-origin-when-cross-origin\" allowfullscreen><\/iframe>\n<\/div><figcaption class=\"wp-element-caption\">PURPAN rejoint la nouvelle Universit\u00e9 de Toulouse ? D\u00e9cryptage !<\/figcaption><\/figure>\n<\/div>\n<\/div>\n\n\n\n<div class=\"wp-block-columns is-layout-flex wp-container-core-columns-is-layout-9d6595d7 wp-block-columns-is-layout-flex\">\n<div class=\"wp-block-column is-layout-flow wp-block-column-is-layout-flow\"><\/div>\n<\/div>\n<\/div><\/div><\/div><\/div><\/div>\n","protected":false},"excerpt":{"rendered":"","protected":false},"author":5,"featured_media":0,"parent":0,"menu_order":166,"comment_status":"closed","ping_status":"closed","template":"","meta":{"inline_featured_image":false,"footnotes":""},"class_list":["post-12241","page","type-page","status-publish","hentry"],"_links":{"self":[{"href":"https:\/\/www.purpan.fr\/en\/wp-json\/wp\/v2\/pages\/12241","targetHints":{"allow":["GET"]}}],"collection":[{"href":"https:\/\/www.purpan.fr\/en\/wp-json\/wp\/v2\/pages"}],"about":[{"href":"https:\/\/www.purpan.fr\/en\/wp-json\/wp\/v2\/types\/page"}],"author":[{"embeddable":true,"href":"https:\/\/www.purpan.fr\/en\/wp-json\/wp\/v2\/users\/5"}],"replies":[{"embeddable":true,"href":"https:\/\/www.purpan.fr\/en\/wp-json\/wp\/v2\/comments?post=12241"}],"version-history":[{"count":1,"href":"https:\/\/www.purpan.fr\/en\/wp-json\/wp\/v2\/pages\/12241\/revisions"}],"predecessor-version":[{"id":12242,"href":"https:\/\/www.purpan.fr\/en\/wp-json\/wp\/v2\/pages\/12241\/revisions\/12242"}],"wp:attachment":[{"href":"https:\/\/www.purpan.fr\/en\/wp-json\/wp\/v2\/media?parent=12241"}],"curies":[{"name":"wp","href":"https:\/\/api.w.org\/{rel}","templated":true}]}}

<div class="wp-block-getwid-section"><div class="wp-block-getwid-section__wrapper"><div class="wp-block-getwid-section__inner-wrapper"><div class="wp-block-getwid-section__background-holder"><div class="wp-block-getwid-section__background"></div><div class="wp-block-getwid-section__foreground"></div></div><div class="wp-block-getwid-section__content"><div class="wp-block-getwid-section__inner-content">
<div class="wp-block-columns is-layout-flex wp-container-core-columns-is-layout-9d6595d7 wp-block-columns-is-layout-flex">
<div class="wp-block-column is-layout-flow wp-block-column-is-layout-flow">
<p>Depuis le 1er janvier 2025, PURPAN est devenue « établissement composante » du nouvel Établissement Public Expérimental (EPE)  « Université de Toulouse », aux côtés de l’ex-Université Toulouse III Paul Sabatier.  </p>



<p>Nos deux établissements partagent des thématiques de formation et de recherche complémentaires, une attention mutuelle au développement durable ainsi que des valeurs communes d’ouverture et de bienveillance. </p>
</div>



<div class="wp-block-column is-layout-flow wp-block-column-is-layout-flow"><div class="anchor-summary" style="background-image: url('https://www.purpan.fr/wp-content/uploads/2025/05/1031_PURPAN_G248297-scaled.jpg')">
    <div>
        <strong>Summary</strong>
        
        <ul id="anchor-summary__list">
            
        </ul>
    </div>
</div></div>
</div>
</div></div></div></div></div>

<div class="wp-block-getwid-section has-background-color-yellow has-height-undefined"><div class="wp-block-getwid-section__wrapper"><div class="wp-block-getwid-section__inner-wrapper"><div class="wp-block-getwid-section__background-holder"><div class="wp-block-getwid-section__background has-background has-jaune-background-color"></div><div class="wp-block-getwid-section__foreground"></div></div><div class="wp-block-getwid-section__content"><div class="wp-block-getwid-section__inner-content">
<div class="wp-block-columns is-layout-flex wp-container-core-columns-is-layout-9d6595d7 wp-block-columns-is-layout-flex">
<div class="wp-block-column is-layout-flow wp-block-column-is-layout-flow">
<figure class="wp-block-image size-large"><img decoding="async" width="1024" height="329" src="https://www.purpan.fr/wp-content/uploads/2025/05/logo-UT-site-Modifie-1024x329.png" alt="" class="wp-image-12123" srcset="https://www.purpan.fr/wp-content/uploads/2025/05/logo-UT-site-Modifie-1024x329.png 1024w, https://www.purpan.fr/wp-content/uploads/2025/05/logo-UT-site-Modifie-300x96.png 300w, https://www.purpan.fr/wp-content/uploads/2025/05/logo-UT-site-Modifie-768x246.png 768w, https://www.purpan.fr/wp-content/uploads/2025/05/logo-UT-site-Modifie-1536x493.png 1536w, https://www.purpan.fr/wp-content/uploads/2025/05/logo-UT-site-Modifie.png 1558w" sizes="(max-width: 1024px) 100vw, 1024px" /></figure>
</div>



<div class="wp-block-column is-layout-flow wp-block-column-is-layout-flow">
<h2 class="wp-block-heading">Qu&#8217;est-ce qu&#8217;un « EPE » ?</h2>



<p>Le statut d’Établissement public expérimental (EPE) est permis par l’ordonnance du 12 décembre 2018. </p>



<p>Il expérimente de nouveaux modes d’organisation et de fonctionnement, afin de réaliser un projet partagé d’enseignement supérieur et de recherche défini par les établissements qu’il regroupe. </p>



<p>La finalité étant, à l’issue d’une période d’expérimentation (10 ans maximum), de permettre au nouvel établissement, adoptant le format juridique de « grand établissement », de rayonner pleinement à l’échelle internationale, nationale et territoriale. </p>
</div>
</div>



<p class="has-text-align-right has-small-font-size">.</p>
</div></div></div></div></div>

<div class="wp-block-getwid-section has-background-color-green has-height-undefined"><div class="wp-block-getwid-section__wrapper"><div class="wp-block-getwid-section__inner-wrapper"><div class="wp-block-getwid-section__background-holder"><div class="wp-block-getwid-section__background has-background has-vert-bleu-background-color"></div><div class="wp-block-getwid-section__foreground"></div></div><div class="wp-block-getwid-section__content"><div class="wp-block-getwid-section__inner-content">
<h2 class="wp-block-heading">Les objectifs de l&#8217;EPE</h2>



<div class="wp-block-columns is-layout-flex wp-container-core-columns-is-layout-9d6595d7 wp-block-columns-is-layout-flex">
<div class="wp-block-column is-layout-flow wp-block-column-is-layout-flow">
<p>&#8220;<em>Cet EPE va permettre de donner au site les conditions favorables pour constituer un grand établissement universitaire pluridisciplinaire de recherche et de formation de rang mondial, visible et reconnu aux niveaux national et international. Il sera caractérisé par une signature et une marque commune, riche de la diversité des entités qui le composent et prêt à s’engager dans un principe de respect, de confiance et de subsidiarité.</em> </p>



<p><em>Lieu inclusif, d’innovation et d’expérimentation en formation comme en recherche, l’établissement sera attaché à la réussite et au bien-être de ses personnels et de ses étudiantes et étudiants. L’EPE s’engage à favoriser une forte dynamique internationale tout en restant solidement ancré dans son territoire avec des interactions soutenues avec la société et les écosystèmes socio-économiques de proximité.</em> </p>



<p><strong><em>Excellence académique</em></strong><em>, </em><strong><em>responsabilité environnementale et sociale</em></strong><em>, </em><strong><em>rayonnement</em></strong><em>, </em><strong><em>ouverture</em></strong><em> et </em><strong><em>visibilité du service public</em></strong><em> sont les points cardinaux de ce futur établissement, héritier de la COMUE expérimentale Université de Toulouse</em>&#8221; (source : Université de Toulouse)</p>



<div class="wp-block-buttons is-layout-flex wp-block-buttons-is-layout-flex">
<div class="wp-block-button"><a class="wp-block-button__link wp-element-button" href="https://www.univ-tlse3.fr/comprendre-l-universite/projet-detablissement-public-experimental" target="_blank" rel="noreferrer noopener">En savoir plus</a></div>
</div>
</div>



<div class="wp-block-column is-layout-flow wp-block-column-is-layout-flow">
<figure class="wp-block-image size-full"><img decoding="async" width="800" height="800" src="https://www.purpan.fr/wp-content/uploads/2025/05/2025_CielTerre_UT_2-1.jpg" alt="" class="wp-image-12115" srcset="https://www.purpan.fr/wp-content/uploads/2025/05/2025_CielTerre_UT_2-1.jpg 800w, https://www.purpan.fr/wp-content/uploads/2025/05/2025_CielTerre_UT_2-1-300x300.jpg 300w, https://www.purpan.fr/wp-content/uploads/2025/05/2025_CielTerre_UT_2-1-150x150.jpg 150w, https://www.purpan.fr/wp-content/uploads/2025/05/2025_CielTerre_UT_2-1-768x768.jpg 768w" sizes="(max-width: 800px) 100vw, 800px" /></figure>
</div>
</div>
</div></div></div></div></div>

<div class="wp-block-getwid-section"><div class="wp-block-getwid-section__wrapper"><div class="wp-block-getwid-section__inner-wrapper"><div class="wp-block-getwid-section__background-holder"><div class="wp-block-getwid-section__background has-background has-blanc-background-color"></div><div class="wp-block-getwid-section__foreground"></div></div><div class="wp-block-getwid-section__content"><div class="wp-block-getwid-section__inner-content">
<div class="wp-block-columns is-layout-flex wp-container-core-columns-is-layout-9d6595d7 wp-block-columns-is-layout-flex">
<div class="wp-block-column is-layout-flow wp-block-column-is-layout-flow">
<h2 class="wp-block-heading">Organisation de l&#8217;EPE</h2>


<div class="wp-block-image">
<figure class="aligncenter size-large"><img decoding="async" width="1024" height="576" src="https://www.purpan.fr/wp-content/uploads/2025/05/Schema-EPE-1-1024x576.png" alt="" class="wp-image-12117" srcset="https://www.purpan.fr/wp-content/uploads/2025/05/Schema-EPE-1-1024x576.png 1024w, https://www.purpan.fr/wp-content/uploads/2025/05/Schema-EPE-1-300x169.png 300w, https://www.purpan.fr/wp-content/uploads/2025/05/Schema-EPE-1-768x432.png 768w, https://www.purpan.fr/wp-content/uploads/2025/05/Schema-EPE-1-1536x864.png 1536w, https://www.purpan.fr/wp-content/uploads/2025/05/Schema-EPE-1-2048x1152.png 2048w" sizes="(max-width: 1024px) 100vw, 1024px" /></figure>
</div></div>
</div>
</div></div></div></div></div>

<div class="wp-block-getwid-section has-background-color-yellow has-height-undefined"><div class="wp-block-getwid-section__wrapper"><div class="wp-block-getwid-section__inner-wrapper"><div class="wp-block-getwid-section__background-holder"><div class="wp-block-getwid-section__background has-background has-jaune-background-color"></div><div class="wp-block-getwid-section__foreground"></div></div><div class="wp-block-getwid-section__content"><div class="wp-block-getwid-section__inner-content">
<h2 class="wp-block-heading">Quels impacts pour PURPAN ?</h2>



<div class="wp-block-columns is-layout-flex wp-container-core-columns-is-layout-9d6595d7 wp-block-columns-is-layout-flex">
<div class="wp-block-column is-layout-flow wp-block-column-is-layout-flow">
<p>Comme l&#8217;affirme Éric Latgé, Directeur Général de PURPAN, dans la vidéo ci-contre, &#8220;rien ne change et tout change&#8221;. </p>



<p>&#8220;Rien ne change&#8221;, car, au sein d&#8217;un EPE, les établissements composantes ne perdent pas leur personnalité morale et juridique. Notre École reste en étroite collaboration avec le ministère de l&#8217;agriculture et de la souveraineté alimentaire et continue à s&#8217;autodéterminer. </p>



<p>&#8220;Tout change&#8221;, en effet, notre École vote désormais au sein du conseil d&#8217;administration de l&#8217;Université de Toulouse pour une gouvernance de site comprenant des établissements associés comme notamment l&#8217;Université Toulouse II Jean-Jaurès, l&#8217;ENAC, ISAE-SUPAERO ou encore l&#8217;INP Toulouse. </p>



<p>En étant établissement composante de l&#8217;Université de Toulouse, notre École va gagner en visibilité, notamment concernant les domaines liés à la Recherche, ainsi que sur le plan international (avec, comme objectif, de nouveaux partenariats avec des universités renommées à travers le monde).  </p>



<p>À noter que ce nouveau rôle d&#8217;établissement composante ne change rien au fonctionnement &#8220;interne&#8221; de PURPAN, et <strong>n&#8217;a pas d&#8217;impact sur les diplômes délivrés à la fin de nos formations. </strong></p>
</div>



<div class="wp-block-column is-layout-flow wp-block-column-is-layout-flow">
<figure class="wp-block-embed is-type-video is-provider-youtube wp-block-embed-youtube wp-embed-aspect-16-9 wp-has-aspect-ratio"><div class="wp-block-embed__wrapper">
<iframe loading="lazy" title="PURPAN rejoint la nouvelle Université de Toulouse ? Décryptage !" width="1280" height="720" src="https://www.youtube.com/embed/KckOuwSgVTw?feature=oembed" frameborder="0" allow="accelerometer; autoplay; clipboard-write; encrypted-media; gyroscope; picture-in-picture; web-share" referrerpolicy="strict-origin-when-cross-origin" allowfullscreen></iframe>
</div><figcaption class="wp-element-caption">PURPAN rejoint la nouvelle Université de Toulouse ? Décryptage !</figcaption></figure>
</div>
</div>



<div class="wp-block-columns is-layout-flex wp-container-core-columns-is-layout-9d6595d7 wp-block-columns-is-layout-flex">
<div class="wp-block-column is-layout-flow wp-block-column-is-layout-flow"></div>
</div>
</div></div></div></div></div>
